highest common divisor of 43 and 92063.
43
Calculate the greatest common factor of 6 and 280238.
2
Calculate the highest common factor of 2961 and 8757.
63
What is the highest common divisor of 5687508 and 12?
12
Calculate the greatest common factor of 28014 and 2346.
138
What is the highest common divisor of 799 and 4183?
47
Calculate the highest common divisor of 999 and 1887.
111
What is the greatest common divisor of 93225 and 8525?
275
What is the highest common divisor of 368 and 2416?
16
Calculate the greatest common factor of 24 and 29712.
24
Calculate the highest common factor of 50 and 204550.
50
Calculate the highest common factor of 90336 and 64.
32
What is the highest common divisor of 984 and 2706?
246
What is the highest common factor of 84 and 16331?
7
Calculate the greatest common factor of 948 and 109652.
316
Calculate the greatest common divisor of 12 and 216672.
12
What is the highest common divisor of 39508 and 5312?
332
Calculate the highest common divisor of 10279 and 19.
19
What is the greatest common factor of 2065 and 614485?
295
What is the greatest common divisor of 84310 and 20?
10
Calculate the highest common factor of 51710 and 10.
10
Calculate the highest common divisor of 7 and 21644.
7
What is the highest common factor of 20 and 596?
4
Calculate the greatest common factor of 418 and 345686.
418
What is the highest common factor of 225 and 4980?
15
Calculate the highest common divisor of 272083 and 141.
47
What is the highest common factor of 3876 and 89556?
204
Calculate the greatest common divisor of 300355 and 731.
43
What is the greatest common divisor of 425225 and 365?
365
Calculate the highest common factor of 372 and 252464.
124
Calculate the greatest common divisor of 910 and 805.
35
What is the highest common divisor of 24 and 128148?
12
Calculate the greatest common divisor of 96274 and 185.
37
What is the highest common factor of 567480 and 10?
10
Calculate the highest common divisor of 55 and 800327.
11
What is the highest common factor of 8685 and 2880?
45
Calculate the highest common divisor of 298 and 147957.
149
What is the highest common divisor of 7502 and 11222?
62
Calculate the highest common divisor of 377 and 6734.
13
What is the greatest common divisor of 4368 and 1332786?
546
Calculate the highest common divisor of 116 and 43645.
29
What is the greatest common divisor of 312051 and 3?
3
What is the highest common factor of 445 and 3332872?
89
What is the highest common divisor of 54385 and 1460?
365
Calculate the highest common divisor of 78658 and 2077.
67
What is the greatest common divisor of 143 and 439725?
143
What is the greatest common factor of 114356 and 11?
11
What is the greatest common divisor of 150867 and 9?
9
What is the greatest common factor of 44973 and 2893?
263
Calculate the highest common divisor of 969075 and 292.
73
What is the highest common divisor of 551 and 8417?
19
What is the greatest common factor of 530 and 2968?
106
Calculate the highest common factor of 2717 and 1287.
143
What is the highest common divisor of 136257 and 231?
33
What is the highest common divisor of 499169 and 3795?
253
Calculate the greatest common factor of 616 and 72632.
56
What is the highest common divisor of 1070 and 102500?
10
Calculate the highest common factor of 137608 and 92184.
1336
What is the highest common divisor of 196325 and 75?
25
What is the greatest common divisor of 6193 and 3443?
11
Calculate the highest common divisor of 6237 and 38907.
297
Calculate the highest common factor of 759 and 48921.
69
What is the highest common factor of 8834 and 462?
14
Calculate the highest common divisor of 94562 and 143.
13
Calculate the greatest common divisor of 792 and 3696528.
264
What is the highest common divisor of 10320268 and 7581?
2527
Calculate the greatest common factor of 1158413 and 313.
313
Calculate the greatest common factor of 2329 and 9727.
137
Calculate the highest common factor of 33783 and 3.
3
Calculate the highest common divisor of 64 and 1176.
8
What is the highest common divisor of 8 and 76828?
4
What is the highest common divisor of 7 and 1529717?
7
What is the greatest common divisor of 9310 and 3287?
19
Calculate the greatest common factor of 606795 and 315.
105
Calculate the greatest common factor of 71372 and 189.
7
What is the highest common divisor of 13718 and 80503?
361
What is the highest common divisor of 1005 and 1237758?
201
Calculate the greatest common factor of 38 and 1076711.
19
What is the greatest common factor of 2458 and 604?
2
Calculate the highest common factor of 4215606 and 114.
114
What is the highest common factor of 57 and 781052?
19
What is the greatest common factor of 143704 and 5112?
568
What is the greatest common divisor of 4840 and 40172?
484
What is the highest common divisor of 410 and 89011?
41
What is the highest common factor of 38 and 9044?
38
What is the highest common factor of 14703 and 754?
377
What is the highest common divisor of 25393 and 48512?
379
What is the greatest common divisor of 312 and 13403?
13
Calculate the highest common factor of 308 and 232078.
154
Calculate the highest common factor of 1314 and 207.
9
Calculate the greatest common divisor of 349826 and 34.
34
What is the highest common divisor of 3 and 481359?
3
What is the highest common factor of 126 and 29421?
63
Calculate the highest common divisor of 37301 and 55.
11
What is the highest common divisor of 27480 and 4?
4
What is the highest common factor of 2271500 and 55?
55
Calculate the greatest common divisor of 305 and 246.
1
Calculate the highest common factor of 29128 and 4312.
88
Calculate the greatest common divisor of 1408 and 128.
128
Calculate the greatest common factor of 528 and 2872.
8
What is the highest common factor of 1037 and 68119?
17
Calculate the greatest common factor of 210313 and 387.
43
What is the highest common factor of 5084 and 32144?
164
What is the highest common factor of 2884 and 116872?
28
What is the greatest common factor of 168 and 3156?
12
What is the greatest common factor of 1120 and 5152?
224
What is the highest common factor of 273 and 190736?
91
What is the greatest common divisor of 130 and 1326?
26
What is the greatest common factor of 13496 and 7224?
56
What is the highest common factor of 1205 and 410?
5
What is the greatest common divisor of 9101 and 44547?
479
Calculate the highest common factor of 43740 and 320.
20
What is the greatest common divisor of 26220 and 58190?
230
Calculate the greatest common factor of 312 and 3001596.
156
Calculate the greatest common divisor of 67418 and 4901.
13
What is the highest common divisor of 516 and 201584?
172
What is the highest common divisor of 1645 and 83825?
35
What is the greatest common divisor of 34155 and 107525?
1265
Calculate the greatest common factor of 528 and 70032.
48
Calculate the greatest common factor of 21740 and 95.
5
Calculate the greatest common factor of 15903 and 159543.
513
Calculate the greatest common factor of 950 and 36900.
50
Calculate the greatest common factor of 18 and 2928.
6
Calculate the highest common factor of 68 and 134606.
34
Calculate the greatest common factor of 1855775 and 25.
25
What is the highest common factor of 2250 and 5895?
45
Calculate the highest common factor of 598380 and 1620.
60
What is the highest common factor of 118407 and 348?
87
What is the greatest common divisor of 29814 and 42?
6
What is the greatest common divisor of 36 and 84501?
9
Calculate the greatest common divisor of 897 and 207.
69
Calculate the highest common divisor of 18 and 735606.
18
Calculate the greatest common factor of 4576 and 1976.
104
What is the highest common divisor of 29151 and 1927?
41
What is the greatest common divisor of 131760 and 600?
120
Calculate the highest common factor of 1323995 and 1450.
145
Calculate the greatest common factor of 610 and 170.
10
What is the highest common factor of 1716775 and 3225?
1075
What is the greatest common factor of 40506 and 2512?
314
What is the highest common factor of 2 and 50531?
1
What is the highest common divisor of 131049 and 99?
9
Calculate the greatest common divisor of 178 and 164828.
178
Calculate the greatest common divisor of 32 and 173144.
8
What is the